04 = w. Is 13 a factor of y?
False
Let j = 46 + -47. Let x be (3 + -108)*(j - (-3)/5). Suppose -2*l - 2*i = i - x, 21 = l + 4*i. Is 21 a factor of l?
True
Is 95 a factor of (-57*261/27)/(5/(-25))?
True
Let v(r) = -3*r**3 + 28*r**2 + 12*r - 14. Let k(o) = 32*o - 153. Let n be k(5). Does 14 divide v(n)?
False
Let q(m) = m**3 + 5*m**2 - 14*m - 22. Let n be 99/(-18) - 2/(-4). Let x be q(n). Does 23 divide x/(-84) + (-764)/(-14)?
False
Let f be 0 - (-74 - -3) - 3. Suppose a - f = 94. Let n = a - 2. Does 24 divide n?
False
Let k be 1*((-42)/(-5) - 14/35). Suppose k*i + 12*i - 1320 = 0. Is 11 a factor of i?
True
Suppose 76814 = -306*k + 482909 + 88401. Is 8 a factor of k?
True
Let d be ((-5096)/(-21))/((-10)/105). Let m = 3723 + d. Does 71 divide m?
False
Suppose -p = -5*p. Let y = 40 - 41. Is 9 a factor of (p/y)/1 - -59?
False
Let s(y) = y**2 - 15*y + 6. Suppose 16*i - 144 = 7*i. Let u be s(i). Suppose -23*g = -u*g - 57. Does 15 divide g?
False
Suppose 1485 = 806*k - 803*k. Let t = k - 322. Does 8 divide t?
False
Let o be (-30 - -28)*((-5)/2 - -1). Suppose -u - 1 = -4*z - 12, -8 = -u + 5*z. Suppose -o + u = l. Is 7 a factor of l?
False
Let i(d) = d**3 + 5*d**2 - 43*d - 78. Does 4 divide i(-8)?
False
Is (22/(-77))/(14/(-252938)) a multiple of 58?
True
Suppose 27 = 5*a + 357. Let s = 87 + a. Suppose -s*f + 23*f - 192 = 0. Does 24 divide f?
True
Let a(y) = 37*y + 90. Let f(s) = 18*s + 45. Let k(t) = -6*a(t) + 13*f(t). Is k(6) a multiple of 13?
True
Let y be 2/6 + (-280)/3. Let g = 410 + -419. Let i = g - y. Is 21 a factor of i?
True
Let b(p) = p**2 + 13*p + 14. Let f be b(-12). Suppose 0 = f*a + 2*o + 7 - 9, -4*o - 8 = 0. Suppose -5*i = -2*t + 424, 3*t + i - 625 = a*i. Does 23 divide t?
True
Let p be 1/(4 + 211/(-53)). Let k = p - -1. Is 12 a factor of k - (4/(-30) + 6/45)?
False
Let h(c) = 1. Let a(t) = 15*t - 12. Let q(x) = -a(x) + 5*h(x). Let w be q(4). Let u = 155 - w. Is 33 a factor of u?
True
Does 14 divide ((-29596)/(-906))/(1/1107)?
True
Let c(b) = -b**2 + 117*b + 1491. Is 3 a factor of c(63)?
True
Suppose -10*s + 266 + 10664 = 0. Let y = 1973 - s. Is y a multiple of 61?
False
Let v be (27 - 28)/(2/94). Let l = v - -92. Suppose -48*b + 93 = -l*b. Does 12 divide b?
False
Let k be (3 - 1)*392/4. Suppose 0 = -4*w + 2*z + 728, k = w + z + 2*z. Suppose w = -12*g + 736. Does 23 divide g?
True
Let f(d) = 549*d - 855. Is f(19) a multiple of 57?
True
Let t = -7359 + 13228. Does 35 divide t?
False
Let n be (1338/(-24))/((3/20)/(-3)). Let a = n + -795. Does 20 divide a?
True
Let x(z) = -13*z - 245. Let n be x(-31). Let s = -38 + n. Is 13 a factor of s?
False
Suppose 6*j - 7*j = 48. Let v = -105 - j. Let q = -29 - v. Is 16 a factor of q?
False
Suppose -23*n + 339020 = 44*n - 12*n. Does 92 divide n?
True
Let d = 18 + -51. Let m be (-93)/d - (-14)/77. Does 11 divide 161/3*m - 3?
False
Let w be 1 - 2 - (-1 + 3*2). Let k = w - -14. Suppose k*i - 192 = 5*i. Does 16 divide i?
True
Suppose -16617 - 14967 = 28*j. Let z = j + 2688. Is z a multiple of 10?
True
Is 49 a factor of (-16 - -17)*3133 + 3?
True
Let d = -5519 - -14580. Does 15 divide d?
False
Let m = 277 + -281. Does 17 divide (665 + -2)*m*2/(-24)?
True
Let b(z) = 2*z**2 - 65*z + 870. Does 68 divide b(-46)?
True
Let n(p) = p**3 + 24*p**2 - 18*p - 80. Let c be n(-24). Let j = c + 45. Is 12 a factor of j?
False
Let o = -437 + 1900. Suppose 62 = 5*w - o. Suppose 0 = -9*v + 8*v + w. Is v a multiple of 22?
False
Let g(w) = w**3 - 10*w**2 - 9*w - 10. Let k(h) = h**2 - 5*h + 25. Let f be k(6). Suppose -3*c = -4*l - 17 - f, 0 = 3*c + 5*l - 21. Does 34 divide g(c)?
True
Suppose -74620 = 235*j - 245*j. Does 46 divide j?
False
Let r be 1/2*2*-14*5. Let h be -5*4/r - 132/21. Is h - -6 - (61*-1 - -1) a multiple of 21?
False
Let b = 13405 + -6250. Is b a multiple of 19?
False
Let d = -11953 + 19323. Is 67 a factor of d?
True
Suppose 4*j = -4*h + 20, -5*j + 27 = 4*h - 1. Suppose 0 = -3*z - 4*o + 675, 4*o - 12 = j*o. Is 46 a factor of z?
False
Let h = 34 - 30. Let k(z) = 11*z + 4 - h*z**2 + 2*z - z**3 + 5. Is k(-8) a multiple of 23?
True
Is 9 a factor of 2/((-24)/(-505461)) - 155/(-124)?
False
Let w(l) = -2*l**2 + 2*l**3 + 6 - 5*l + 2*l - 9. Let n be w(5). Does 20 divide -4*14/(-12)*2340/n?
True
Suppose 5*j = 14*j - 171. Suppose 5*g + 5*t + 5 = 0, -3 + 2 = -2*g + t. Suppose 18*y - j*y + 28 = g. Does 14 divide y?
True
Let v = -21909 + 46221. Does 4 divide v?
True
Suppose 6*n - 23 - 349 = 0. Let i = n + -62. Suppose 2*z - 186 = -3*x - 2*z, i = z. Is 14 a factor of x?
False
Let o(k) = 17*k - 52. Let a be o(3). Does 14 divide a/2 - 4/(8/(-449))?
True
Suppose -6335 - 2359 = 21*u. Let b = -308 - u. Does 22 divide b?
False
Suppose 7*b = -5*b + 444. Let o = b + 5. Does 2 divide o?
True
Let n = 3679 - 3121. Is 93 a factor of n?
True
Suppose -5*a + 4*k = -1653, 5*k = a - 239 - 79. Is 25 a factor of a?
False
Let h(m) = 64*m - 1299. Is h(49) a multiple of 8?
False
Let s(u) = -u**2 - 3*u + 48. Let z be s(-9). Let p(g) = 11*g**2 + 12*g + 27. Is 9 a factor of p(z)?
True
Let p be -2 + -1*(2 - 0). Let k(w) = -2 + 6*w - 7 - 6*w + w**2. Does 6 divide k(p)?
False
Let f(y) = -8*y**2 + 374*y + 59. Is 4 a factor of f(44)?
False
Suppose -328*n + 845 + 545 = -578. Suppose 5*x = -5*l + 170, -3*x - 4*l = -17 - 89. Suppose -4*g - x = -o - 8, -n = -3*g. Is o a multiple of 15?
True
Let v(n) = n**2 - 5*n + 5. Let f be v(3). Does 4 divide ((-6)/4 - f)/((-4)/704)?
True
Let z = -6783 + 12235. Does 58 divide z?
True
Let f be (-1)/(4/4) + 10. Suppose 0 = -f*j - 0*j + 36. Does 4 divide j?
True
Let h be 133/38 - 7542/(-12). Suppose -3*n + 5*i + 551 = 0, 4*i - 360 = -2*n - 0*i. Suppose -5*z = n - h. Is z a multiple of 14?
False
Let v = 5 + 14. Let u(x) = 2*x**2 - 15*x + 7. Let l be u(7). Is (v/38)/((-1)/(-4) - l) even?
True
Let q(m) = m**2 - 8*m + 3 - 3. Suppose 2*k = -5*i + 17, -4*k - 5*i = 9 - 48. Does 18 divide q(k)?
False
Let h = -81735 - -122412. Does 273 divide h?
True
Suppose -4*m + 197 = 57. Does 19 divide (-5)/(m/(-3283)) - -6?
True
Suppose -4*k + 3*v + 12 = -11, -25 = -5*k + 3*v. Does 14 divide (-11 - k)/(21/(-126))?
False
Let u = -32 + 36. Suppose u*k - 84 = 8. Is k a multiple of 5?
False
Let i(w) = 93*w - 252. Let z(l) = 92*l - 254. Let r(h) = 3*i(h) - 2*z(h). Is 16 a factor of r(8)?
True
Let m(t) = -16*t**2 + 126*t + 3. Let p be m(6). Suppose -p*x + 191*x = 1000. Is x a multiple of 5?
True
Let k be 8265/10 - (-8)/16. Suppose 24*a - 167 = -t + 22*a, -5*t - 2*a = -k. Is 11 a factor of t?
True
Let d(z) = -22*z**2 - 4*z - 29. Let c(b) = -45*b**2 - 7*b - 57. Let i(u) = -6*c(u) + 11*d(u). Is i(-5) a multiple of 19?
False
Let g be (0 - 1)/((-13)/1573). Suppose 4*k - g + 357 = 0. Let n = k + 174. Is n a multiple of 23?
True
Suppose -252 = -5*p - 3*n, 0*p - 5*n + 212 = 4*p. Suppose -50*w + p*w - 14 = 0. Let l(c) = c**3 + 9*c**2 - 7*c - 8. Is l(w) a multiple of 10?
False
Suppose 4*k + h = 1268, -h = -95*k + 93*k + 646. Is 39 a factor of k?
False
Let j = -2212 + 3235. Suppose -10*t = -21*t + j. Does 15 divide t?
False
Suppose -629*q + 612*q = -1411. Is 8 a factor of q?
False
Let z be -2 + -96 - (6 + -1). Let q = z + 103. Suppose -5*v - 5*t + 765 = q, -v + 4*t = -210 + 42. Is v a multiple of 13?
True
Let m = 8011 + -5808. Is m a multiple of 76?
False
Let d = -41 - 140. Let a = d + 34. Let r = a + 211. Is r a multiple of 16?
True
Suppose 0 = 4*h, 6*h - 2*h + 25 = 5*r. Suppose 221 + 49 = r*f. Does 13 divide (f/(-12))/(1/(-30))?
False
Suppose -61*c = -13814 + 3444. Suppose 2*o + 0*o = 10. Suppose f - 4*q + q = 22, c = o*f - 3*q. Is f a multiple of 37?
True
Let a(q) be the second derivative of q**4/6 - q**3/3 - q**2/2 - 2*q. Let f be a(2). Does 45 divide (-5 - (-19)/f)/(4/270)?
True
Let b(f) = f**3 - 2*f**2 - 2*f + 21. Let c be b(7). Suppose 4*t = -2*t + c. Does 21 divide t?
True
Let r = -138 + 140. Suppose -1238 = -3*c - s, r*c - s - 814 = 4*s. Suppose 9*g - c = -88. Is g a multiple of 5?
False
Let h(a) = -2*a**2 + 7*a + 1. Let l = -39 - -42. Let z be h(l). Is 27 a factor of (-1408)/(-26) + z/(-26)?
True
Suppose -6*c + c + 2*m = 21, 5*c - 5*m = -30. Suppose 0 = -4*l + 14 - 2, 0 = 2*w + 3*l - 9. Is 127 - w - (c + 4) a multiple of 22?
False
Is ((-1376)/5)/((-11)/(-14520)*-16) a multiple of 44?
True
Let r = 20341 + -13586. Is 7 a factor of r?
True
Let i(a) = 6 